 5. Let h be p(16). Calculate the remainder when (262/(-10))/(((-126)/(-60))/h) is divided by 27.
19
Let j be ((-28)/(-3))/(6/162*-6). Let g(c) = -4*c - 30. What is the remainder when g(j) is divided by 70?
68
What is the remainder when (-216)/270 - (-5 - 4656/20*1) is divided by 2/6 + (-89)/(-3)?
27
Let j = 42 - 30. Suppose -61*t + 52*t + 1134 = 0. Suppose 0 = 14*b - j*b - t. Calculate the remainder when b is divided by 32.
31
Calculate the remainder when 279*(352/99 - 2) is divided by 53.
10
Suppose 611*d = 504*d + 1177. Suppose -3*s = 2*s + 20. What is the remainder when 28*s/(32/(-6)) is divided by d?
10
Let j = 1819 - 1599. What is the remainder when 447 is divided by j?
7
Let f(l) = 5*l**2 - 12*l - 1. Let t = 39 - 47. Calculate the remainder when (-227)/(-6) + t/(-48) is divided by f(3).
6
Let d = 219294 - 219273. Suppose -3*b - 4*p + 82 = -45, -46 = -b - 5*p. Calculate the remainder when (b/4)/(2/8) is divided by d.
20
Let f be 5/(-20) - 3*510/(-72). Let r(c) be the first derivative of c**2/2 + 10*c + 2. What is the remainder when 154 is divided by r(f)?
30
Let s be (-6 - -6)/3*-1. Suppose 5*o - 3*o - d - 1753 = s, 3*d + 1751 = 2*o. What is the remainder when o is divided by 40?
37
What is the remainder when -3 + 9/(-2)*-44 is divided by 16/(-80)*55 - -60?
48
Calculate the remainder when ((-81)/(-63) - (-795)/(-14))/((-3)/34) is divided by 204.
17
Let a(y) = -y**3 - 11*y**2 - 7*y - 30. Suppose 3*d + 31 = -2*i, -13*i + 8*i = -4*d - 49. What is the remainder when 84 is divided by a(d)?
37
Let b(l) = -19*l**3 + 2*l**2 + 4*l + 2. Suppose -3*k + 3*y + 78 = 0, -14*k + 3*y - 26 = -15*k. What is the remainder when b(-2) is divided by k?
24
Let h = -509 + 514. Suppose h*k - 6479 = -26*k. Calculate the remainder when k is divided by 35*(1 - (-1)/5).
41
Suppose -5*k + 4*x = -1204, 18 = x + 19. Calculate the remainder when k is divided by 200.
40
Suppose -31*d + 85*d - 67770 = -36*d. Calculate the remainder when d is divided by 30.
3
Calculate the remainder when (-3 - (0 + 0))/((-6)/1108) is divided by 56.
50
Suppose -a - 122 = 33*a - 1550. What is the remainder when 956 is divided by a?
32
Suppose 0 = 3*t - 3*h - 6150, -t - 2*h + 3064 = 1035. Calculate the remainder when t is divided by 291.
6
Let u(s) be the second derivative of 31*s**4/12 + 5*s**3/3 + s**2/2 + 17*s - 2. What is the remainder when u(-2) is divided by 54?
51
Let m(f) = -3*f**3 + 3*f**2 - f + 3. Let w be m(3). Suppose 88 = -3*s - s. Let g = s - w. What is the remainder when g is divided by 11?
10
Let x = -315 - -441. Suppose 3*q - x = 240. What is the remainder when (q/(-10))/(5/(-25)) is divided by 16?
13
Let z = 1189 - 1170. Calculate the remainder when 19 is divided by z.
0
Let z be (-12)/(2/(4 - 5)). Let h = -24 + 28. Suppose d + 302 = 3*u + z*d, -3*u + h*d + 293 = 0. Calculate the remainder when u is divided by 25.
24
Let r be (3 + 4*-3)/((-6)/(-8)). Let w = r - -184. Suppose w = -45*c + 49*c. Calculate the remainder when c is divided by 11.
10
Let t be (1 - (-2)/(-4))/((-2)/36). Let c = t + 167. Suppose -c - 147 = -5*y. Calculate the remainder when y is divided by 32.
29
What is the remainder when 83 is divided by 68 - 0*(-2)/8*5/15?
15
Suppose n - 3*g - 44 = -0*g, 5*g + 92 = 2*n. Let j = 109 - n. What is the remainder when j is divided by 21?
11
Let m(o) = 2*o**3 + 9*o**2 + 4*o - 4. Let j be (-4)/(-38) + (3 - (-1044)/(-171)). Calculate the remainder when 31 is divided by m(j).
9
Let g(m) = 12*m**2 + 3*m - 10. Let u be g(2). Let p = u - 34. Suppose -p*i + 0*i = -220. Calculate the remainder when 82 is divided by i.
16
Let p(s) = s**3 - 22*s**2 + 21*s + 62. Suppose -22*k + 73 = -389. Calculate the remainder when 104 is divided by p(k).
42
Let o(s) = 5*s**2 - 72*s - 405. What is the remainder when 2159 is divided by o(-5)?
79
Suppose 1095*j - 144 = 1094*j - 5*m, 3*m - 336 = -3*j. Suppose -2*u + 11 = -3. Calculate the remainder when j is divided by u.
6
Let d = 106 + -193. Let h = d + 109. Calculate the remainder when 77 is divided by h.
11
Let u = 564 - 367. Let g = 213 - u. Calculate the remainder when 27 is divided by g.
11
Let r = -112 - 207. Let f = 331 + r. Suppose 105 = 5*w + 2*k - 178, -5*k = 5. Calculate the remainder when w is divided by f.
9
Let l(h) = 2011*h - 3. Let s be l(1). Suppose 8*g = s + 160. What is the remainder when g is divided by 39?
37
Suppose -4*z - 12 = 0, 2*r + 4*z - 31 + 21 = 0. Calculate the remainder when 10437 is divided by r.
9
Suppose 5*u + 4872 = 2*r + 694, -4*r = -2*u - 8388. Calculate the remainder when r is divided by 191.
189
Let r(l) = 5*l - 6. Let x be 2 - (5/15 - 5236/12). Let f = -383 + x. Calculate the remainder when f is divided by r(4).
13
Let s = -3 + 1. Let z(o) = 97*o**2 - 3*o - 9. Let g be z(s). Suppose 0 = -5*l + 3*h + g, -2*h = -0*l + 4*l - 286. What is the remainder when l is divided by 20?
14
Let h = 3905 - 3851. Calculate the remainder when h is divided by 31.
23
Let u(f) = -f**2 - 22*f - 48. Let h be u(-19). Let t(m) = 17*m - 4. Calculate the remainder when t(10) is divided by 328/12 - ((-33)/h + 3).
26
Suppose 2882*d - 2868*d - 798 = 0. Calculate the remainder when 121 is divided by d.
7
Let v = 301 - 51. What is the remainder when v is divided by 39/26 + 2/(-4) + 17?
16
Let l(w) = w**2 + 45*w - 701. Calculate the remainder when l(-58) is divided by 36.
17
Suppose 0*x + 2*x = 4. Suppose -x*o - 72 = -6*o. Let q = -21916 + 21985. Calculate the remainder when q is divided by o.
15
Suppose 0 = -5*o + 27 - 12. Suppose x + 1 = b, -6 - 9 = -o*x. Calculate the remainder when b is divided by 4.
2
Let p = -83 - -142. Let d = -24 + p. Let i = 134 + -34. Calculate the remainder when i is divided by d.
30
Let o be 60*((-5)/(-20) + (-1)/(-2)). Suppose o + 45 = 6*y. Let d = 90 - 33. Calculate the remainder when d is divided by y.
12
Let p be 4035/(-9)*132/(-110). Let q = p + -322. Calculate the remainder when q is divided by 45.
36
What is the remainder when 252150/(-200)*8/(-6) is divided by 9?
7
Suppose -3*o - k = -544, 309 + 599 = 5*o + 2*k. Calculate the remainder when o is divided by 48.
36
Let h = 16 + -23. Let c(l) = -l**3 - 4*l**2 - 2*l + 9. What is the remainder when c(h) is divided by 1/4 + (-1197)/(-28)?
41
Let q = 5669 + -4271. Calculate the remainder when q is divided by 23.
18
What is the remainder when 268 is divided by 149/1 + (2167/591 - 14/3)?
120
Suppose 0 = -27*x + 5*x + 2508. Let h(y) = 114*y**2 + 8*y + 21. Calculate the remainder when h(-3) is divided by x.
111
Let x = 9216 + -9136. Calculate the remainder when 83 is divided by x.
3
Let f(i) = i**2 + 11*i + 38. Let v(w) = -3*w - 15. Let c be v(-14). Suppose c*h - 40 = 22*h. Calculate the remainder when f(-10) is divided by h.
4
Let n be (15 - 5) + (2 - -3). Let a be 1128/40 - 3/n. Suppose 3*s - a = -4*w + 26, -w - s + 13 = 0. What is the remainder when 88 is divided by w?
13
Let s = 2267 + -3863. Let v = s - -1599. What is the remainder when (-34)/(-3) - (-4)/6 is divided by v?
0
Suppose -299*z + 337*z = 19684. What is the remainder when z is divided by 82?
26
Suppose -432*c + 107*c + 28099 = -501. What is the remainder when c is divided by (27/(-4))/(6/(-16))?
16
Suppose 143 - 28 = 5*z. Let p be 33/2 + 1 + (-300)/(-120). Let l = z + p. Calculate the remainder when 127 is divided by l.
41
Let j = 2760 - 2712. Let q(c) = -c**3 - 23*c**2 - 24*c - 33. What is the remainder when j is divided by q(-22)?
4
Let g(f) be the first derivative of -f**3/3 + 8*f**2 + 117*f - 81. Calculate the remainder when g(16) is divided by 24.
21
Suppose 3*t + 4273 = 2*z, 4*z - 1080*t = -1079*t + 8571. Calculate the remainder when z is divided by 12.
8
Let d = -54 - -168. Suppose 98 = 2*m + u, -4*u = -2*m - 9*u + d. Let y = m - 38. Calculate the remainder when 17 is divided by y.
8
Let g = 65305 + -28030. Calculate the remainder when 4/5 + g/125 is divided by 43.
41
Let p(a) = 55*a - 99. Let o be p(2). Suppose 0 = o*g - 39 - 49. What is the remainder when 605 is divided by g?
5
Let q(a) = -a**3 - 27*a**2 - 67*a + 175. What is the remainder when 666 is divided by q(-24)?
6
Let w(n) = n**3 - 15*n**2 - 2*n + 110. Calculate the remainder when 202 is divided by w(15).
42
Suppose 199*g = 10*g + 11*g + 12994. Calculate the remainder when g is divided by (-4)/10 + 24/10.
1
Suppose 86 = 5*n + 4